oes 57 divide 2937267?
True
Does 352 divide 1014705857?
False
Is 208122712 a multiple of 56?
True
Does 1688 divide 259565448?
True
Does 398 divide 54550278?
True
Is 57 a factor of 9016336?
False
Is 451 a factor of 146070216?
False
Is 46 a factor of 445057820?
True
Does 666 divide 3055850?
False
Does 14 divide 297127614?
True
Is 644 a factor of 5886401857?
False
Is 1107627024 a multiple of 93?
True
Is 23 a factor of 5769305?
False
Does 48 divide 1373294839?
False
Is 8 a factor of 1034984958?
False
Is 183 a factor of 890673627?
True
Is 121 a factor of 1851637556?
False
Does 3 divide 381818062?
False
Is 742568173 a multiple of 10139?
False
Is 30449492 a multiple of 10?
False
Is 114 a factor of 194915376?
True
Does 11 divide 806611979?
False
Is 304 a factor of 736592787?
False
Is 1642817748 a multiple of 170?
False
Is 160756805 a multiple of 4765?
True
Is 1131 a factor of 202666833?
False
Is 40645440 a multiple of 238?
False
Is 12 a factor of 86818128?
True
Does 405 divide 8400058?
False
Is 34239813 a multiple of 1471?
False
Does 13930 divide 7282081291?
False
Is 1624216486 a multiple of 12?
False
Is 8953991 a multiple of 31?
False
Is 6 a factor of 35788692?
True
Is 5520774 a multiple of 1555?
False
Is 75 a factor of 472413975?
True
Does 59 divide 766433547?
False
Is 62457739 a multiple of 476?
False
Is 1250 a factor of 112716460?
False
Is 30558336 a multiple of 127?
False
Is 6 a factor of 45896094?
True
Is 35371825 a multiple of 475?
True
Is 160532216 a multiple of 38?
True
Is 19124684 a multiple of 3?
False
Is 461451920 a multiple of 3440?
True
Does 3 divide 997596?
True
Does 35 divide 806588504?
False
Is 1132 a factor of 86092975?
False
Is 2922 a factor of 3560891212?
False
Does 7 divide 2708023185?
True
Is 8590 a factor of 3033108014?
False
Does 4 divide 51352308?
True
Does 9 divide 6854267?
False
Is 569582909 a multiple of 119?
True
Does 1248 divide 246118080?
True
Is 1607534376 a multiple of 17?
False
Is 1407443200 a multiple of 1600?
True
Is 474 a factor of 104664888?
True
Does 1081 divide 389529702?
True
Is 1324472200 a multiple of 25?
True
Is 57908844 a multiple of 18?
True
Is 1291 a factor of 106529447?
True
Does 26 divide 9171115?
False
Does 25 divide 59960050?
True
Does 19 divide 2319038673?
True
Does 6 divide 29117579?
False
Is 323 a factor of 33196255?
False
Is 641292460 a multiple of 13?
False
Is 160 a factor of 190905760?
True
Is 6948 a factor of 148878683?
False
Is 72169863 a multiple of 1624?
False
Is 133 a factor of 1910833896?
False
Is 6 a factor of 13841574?
True
Is 103 a factor of 1186125237?
True
Does 20 divide 229517300?
True
Is 19807500 a multiple of 1140?
True
Is 14341249 a multiple of 80?
False
Is 4737977 a multiple of 78?
False
Does 34 divide 9299204?
True
Is 19 a factor of 1991749844?
False
Is 73 a factor of 34978680?
True
Is 1623651878 a multiple of 1634?
True
Does 37 divide 222302545?
False
Is 133 a factor of 11194742?
False
Is 516 a factor of 26639532?
True
Does 1601 divide 531604045?
True
Does 1284 divide 767262513?
False
Does 1519 divide 1933837390?
False
Is 8034872 a multiple of 38?
True
Does 946 divide 58000692?
False
Is 31 a factor of 2039651078?
False
Does 15 divide 39305385?
True
Does 221 divide 464661561?
True
Does 755 divide 150317480?
True
Is 1376656 a multiple of 619?
True
Does 36 divide 13655412?
True
Is 144 a factor of 2633930208?
True
Is 163156800 a multiple of 608?
True
Is 12873462 a multiple of 42?
True
Is 1152 a factor of 37428592?
False
Does 263 divide 4718527973?
True
Is 64 a factor of 42455232?
True
Is 78 a factor of 46613470?
False
Is 13 a factor of 145356861?
True
Is 50 a factor of 2423124800?
True
Does 10 divide 123943704?
False
Is 97 a factor of 6196554?
True
Does 43 divide 47059587?
True
Does 16 divide 1868563920?
True
Is 136285188 a multiple of 2298?
True
Does 20 divide 6272917?
False
Is 487273245 a multiple of 110?
False
Is 65578644 a multiple of 2063?
True
Is 1563566390 a multiple of 10?
True
Is 111834149 a multiple of 82?
False
Does 1050 divide 646279808?
False
Does 1417 divide 409647615?
True
Is 383879548 a multiple of 15?
False
Is 278 a factor of 147096750?
True
Is 157605208 a multiple of 3?
False
Is 6 a factor of 573780352?
False
Is 615 a factor of 83168754?
False
Is 661305352 a multiple of 239?
True
Is 2230 a factor of 38264570?
True
Is 148716621 a multiple of 3426?
False
Does 413 divide 1579002663?
True
Is 977 a factor of 116933222?
True
Is 1593811755 a multiple of 27?
True
Is 17 a factor of 16425461?
False
Is 30 a factor of 200575410?
True
Is 55037554 a multiple of 1859?
True
Is 325712026 a multiple of 17?
False
Does 10 divide 1764960736?
False
Is 37324911 a multiple of 221?
True
Is 468284615 a multiple of 130?
False
Is 344 a factor of 94443480?
True
Is 18 a factor of 3779352?
True
Is 54 a factor of 411065064?
True
Is 1496937293 a multiple of 8284?
False
Is 32 a factor of 346617088?
True
Is 390 a factor of 54159493?
False
Is 218 a factor of 178565108?
True
Does 192 divide 736545527?
False
Does 1237 divide 18592110?
True
Is 803 a factor of 26670080?
False
Is 8 a factor of 1448540681?
False
Is 8728 a factor of 1986408986?
False
Is 7 a factor of 8970497?
False
Is 363 a factor of 3515958468?
True
Is 6144909 a multiple of 378?
False
Is 7225325 a multiple of 5?
True
Is 656210079 a multiple of 207?
True
Does 336 divide 340571730?
False
Does 11 divide 7513661694?
True
Does 673 divide 868989041?
True
Is 17 a factor of 85413206?
False
Does 7 divide 35612486?
True
Is 60 a factor of 2491140?
True
Is 670425630 a multiple of 142?
False
Does 143 divide 42113929?
True
Is 4475 a factor of 3602178455?
False
Does 5830 divide 755626300?
True
Is 21 a factor of 114710799?
True
Is 322056042 a multiple of 19?
True
Does 339 divide 12223817?
False
Is 156466909 a multiple of 67?
True
Is 402997636 a multiple of 74?
True
Does 1619 divide 2558738297?
False
Does 57 divide 7093565184?
True
Is 81508877 a multiple of 277?
False
Does 233 divide 1227754123?
True
Is 345024276 a multiple of 241?
True
Is 103169076 a multiple of 606?
True
Does 10 divide 6791310?
True
Is 1025 a factor of 2794022484?
False
Does 125 divide 488033378?
False
Is 5267914 a multiple of 77?
False
Is 105252339 a multiple of 1007?
False
Is 792767018 a multiple of 1643?
False
Is 193 a factor of 22356541?
True
Does 23 divide 365209318?
True
Is 176 a factor of 192581488?
True
Is 4769 a factor of 175664031?
False
Does 8636 divide 509604926?
False
Is 5499 a factor of 4681161225?
True
Is 354339218 a multiple of 7?
False
Is 10476576 a multiple of 22?
True
Does 1350 divide 294189300?
True
Does 41 divide 1006413630?
False
Is 460 a factor of 760946720?
True
Is 7956839 a multiple of 121?
True
Does 2736 divide 400230288?
True
Does 512 divide 2425610?
False
Is 502 a factor of 101842982?
False
Does 11 divide 95182098?
True
Is 495055495 a multiple of 29?
False
Does 584 divide 9295460?
False
Is 3 a factor of 28547772?
True
Is 4331793 a multiple of 1679?
False
Does 549 divide 1113353883?
True
Is 116 a factor of 124118028?
True
Is 6 a factor of 7790928?
True
Is 366585560 a multiple of 4792?
False
Is 3722547 even?
False
Does 1595 divide 25898015?
True
Is 701 a factor of 569336778?
True
Is 5 a factor of 145304660?
True
Is 155 a factor of 71993710?
False
Does 3745 divide 257393437?
False
Does 277 divide 55154578?
True
Is 26189498 a multiple of 1211?
False
Does 45 divide 144458010?
True
Is 570282180 a multiple of 1070?
True
Is 200191735 a multiple of 17?
False
Does 210 divide 61583315?
False
Is 689199810 a multiple of 13?
True
Is 94791609 a multiple of 2567?
True
Does 2 divide 7575373?
False
Is 40 a factor of 3724942?
False
Does 252 divide 41721876?
True
Does 114 divide 480238546?
False
Is 42 a factor of 287494242?
True
Does 7348 divide 523084774?
False
Does 19 divide 88875392?
False
Is 203 a factor of 387226563?
False
Is 54 a factor of 61536834?
True
Does 20 divide 450574682?
False
Is 1125323272 a multiple of 273?
False
Is 1064 a factor of 40804810?
False
Is 297 a factor of 417226440?
False
Is 727570021 a multiple of 216?
False
Does 100 divide 2813800?
True
Is 2150011 a multiple of 91?
False
Is 337733506 a multiple of 4127?
False
Is 1240 a factor of 3499181?
False
Is 1688513120 a multiple of 40?
True
Does 43 divide 1360434?
True
Does 72 divide 33229368?
True
Does 